{"id":169,"date":"2020-03-17T10:27:43","date_gmt":"2020-03-17T10:27:43","guid":{"rendered":"http:\/\/msbob.de\/?page_id=169"},"modified":"2022-02-15T14:20:13","modified_gmt":"2022-02-15T14:20:13","slug":"jugendsozialarbeit-jas","status":"publish","type":"page","link":"http:\/\/msbob.de\/?page_id=169","title":{"rendered":"Jugendsozialarbeit (JaS)"},"content":{"rendered":"\n<p>Bettina Bayer<\/p>\n\n\n\n<p><strong>HERZLICH WILLKOMMEN!<br> <\/strong><br>Frau Bayer ist eine Fachkraft der St. Gregor-Jugendhilfe. Mehr Informationen zu Jugendsozialarbeit an Schulen nach den Standards der St. Gregor-Jugendhilfe finden sie unter <a rel=\"noreferrer noopener\" href=\"http:\/\/www.jugendsozialarbeit.st-gregor.de\" target=\"_blank\">http:\/\/www.jugendsozialarbeit.st-gregor.de<\/a>. wenn Sie sich wegen des Verhaltens Ihres Kindes Sorgen machen<br> &#8230; wenn Sie Hilfestellung im Umgang mit Ihrem Sohn\/Ihrer Tochter suchen<br> &#8230; wenn Sie die Vermittlung externer Hilfsangebote w\u00fcnschen<br> &#8230; in allen Fragen rund um die Schule<\/p>\n\n\n\n<p><strong>Jugendsozialarbeit an der Schule (JaS)<\/strong><\/p>\n\n\n\n<div class=\"wp-block-image\"><figure class=\"aligncenter is-resized\"><img loading=\"lazy\" decoding=\"async\" src=\"http:\/\/msbob.de\/wp-content\/uploads\/2020\/03\/JAS-1.jpg\" alt=\"\" class=\"wp-image-174\" width=\"177\" height=\"114\" srcset=\"http:\/\/msbob.de\/wp-content\/uploads\/2020\/03\/JAS-1.jpg 355w, http:\/\/msbob.de\/wp-content\/uploads\/2020\/03\/JAS-1-300x193.jpg 300w\" sizes=\"auto, (max-width: 177px) 100vw, 177px\" \/><\/figure><\/div>\n\n\n\n<ul class=\"wp-block-list\"><li>Brennt dir was auf der\nSeele?<\/li><li>Steht die Welt mal wieder\nKopf?<\/li><li>Ideen f\u00fcr Projekte?<\/li><li>Sorgen?<\/li><li>Kennen Sie keinen Ansprechpartner\nf\u00fcr Ihre Fragen?<\/li><li>W\u00e4re jetzt ein offenes Ohr\nGold wert?<\/li><li>\u00c4rger?<\/li><li>Keiner da zum Reden?<\/li><li>Lust auf eine gemeinsame\nAktion?<\/li><\/ul>\n\n\n\n<p>&#8230; da hilft Frau Bettina Bayer gern weiter &#8211; oder wei\u00df, wer helfen kann. <\/p>\n\n\n\n<p><\/p>\n\n\n\n<figure class=\"wp-block-image size-large is-resized\"><img loading=\"lazy\" decoding=\"async\" src=\"http:\/\/msbob.de\/wp-content\/uploads\/2022\/02\/MicrosoftTeams-image-683x1024.jpg\" alt=\"\" class=\"wp-image-1118\" width=\"151\" height=\"227\" srcset=\"http:\/\/msbob.de\/wp-content\/uploads\/2022\/02\/MicrosoftTeams-image-683x1024.jpg 683w, http:\/\/msbob.de\/wp-content\/uploads\/2022\/02\/MicrosoftTeams-image-200x300.jpg 200w, http:\/\/msbob.de\/wp-content\/uploads\/2022\/02\/MicrosoftTeams-image-768x1152.jpg 768w, http:\/\/msbob.de\/wp-content\/uploads\/2022\/02\/MicrosoftTeams-image.jpg 1000w\" sizes=\"auto, (max-width: 151px) 100vw, 151px\" \/><\/figure>\n\n\n\n<p class=\"has-text-align-left\"><strong>Bettina Bayer, Bachelor Soziale Arbeit (FH)<br>Fachkraft f\u00fcr Jugendsozialarbeit an der Dr.-Jaufmann-Mittelschule Bobingen<br>08234\/ 965529<br>bayer.bettina@st-gregor.de<br> <\/strong><br><strong>Pers\u00f6nlich erreichbar im B\u00fcro f\u00fcr Jugendsozialarbeit, Raum 221 im 2. Stock<br>Mo &#8211; Fr.: 07:30 \u2013 16:00 Uhr <br> <\/strong><br> <\/p>\n\n\n\n<p>Termine\nau\u00dferhalb dieser Zeiten nach Vereinbarung. <\/p>\n\n\n\n<p>GEMEINSAM GEHT\u2018S BESSER ist das Motto, unter dem Jugendhilfe und die Dr.-Jaufmann-Mittelschule Bobingen zusammenarbeiten. Beide wollen dazu beitragen, dass unsere Schule ein Ort ist, an dem sich junge Menschen wohl f\u00fchlen und ihre Pers\u00f6nlichkeit entwickeln und entfalten k\u00f6nnen \u2013 insbesondere auch sozial benachteiligte junge Menschen. Ein Ort, an dem sie ihr Selbstwertgef\u00fchl st\u00e4rken, Toleranz \u00fcben und Verantwortung \u00fcbernehmen k\u00f6nnen.<br> <br>Frau Bayer unterst\u00fctzt und begleitet die Entwicklung von Sch\u00fclerinnen und Sch\u00fclern, speziell wenn es darum geht, schwierigere Startbedingungen Einzelner auszugleichen. <\/p>\n\n\n\n<p><br>\nSie<\/p>\n\n\n\n<ul class=\"wp-block-list\"><li>stellt die Anliegen der Jugendlichen in den Mittelpunkt<\/li><li>bietet Hilfe in schwierigen Situationen an<\/li><li>entwickelt gemeinsam mit Dir\/Ihnen L\u00f6sungen zur Bew\u00e4ltigung von Konflikten<\/li><li>f\u00f6rdert das Zusammenleben der Kinder und Jugendlichen, Lehrkr\u00e4fte und\nEltern<\/li><li>arbeitet mit anderen Institutionen zusammen. <\/li><\/ul>\n\n\n\n<p>Frau Bayer bietet:<br> <strong>Beratung f\u00fcr dich als Sch\u00fclerIn:<br> <br> <\/strong>&#8230; wenn du schwierige Situationen in der Schule erlebst<br> &#8230; wenn du zu Hause Kummer oder \u00c4rger hast<br> &#8230; wenn du Tipps und Informationen brauchst<br> &#8230; wenn du dir Sorgen um Freunde machst<br> &#8230; wenn du Orientierungshilfe und Unterst\u00fctzung f\u00fcr die Planung deiner weiteren Schullaufbahn und zum Einstieg in den Beruf ben\u00f6tigst<br> <br> <\/p>\n\n\n\n<p><strong>Beratung f\u00fcr Sie als Eltern:<br> <\/strong>&#8230; wenn Sie sich wegen des Verhaltens Ihres Kindes Sorgen machen<br> &#8230; wenn Sie Hilfestellung im Umgang mit Ihrem Sohn\/Ihrer Tochter suchen<br> &#8230; wenn Sie die Vermittlung externer Hilfsangebote w\u00fcnschen<br> &#8230; in allen Fragen rund um die Schule<br> <br> <\/p>\n\n\n\n<p><\/p>\n\n\n\n<p><strong>Jugendsozialarbeit <br> <\/strong><\/p>\n\n\n\n<ul class=\"wp-block-list\"><li>ist vertraulich (Schweigepflicht)<\/li><li>ist neutral und hilft Sch\u00fclerinnen und Sch\u00fclern, die\nihr Anliegen nicht allein formulieren k\u00f6nnen<\/li><li>vertraut auf vorhandene St\u00e4rken der Beteiligten<\/li><li>reagiert zeitnah und unb\u00fcrokratisch.<\/li><\/ul>\n\n\n\n<figure class=\"wp-block-image\"><img loading=\"lazy\" decoding=\"async\" width=\"242\" height=\"75\" src=\"http:\/\/msbob.de\/wp-content\/uploads\/2020\/03\/St.Gregor.jpg\" alt=\"\" class=\"wp-image-175\"\/><\/figure>\n","protected":false},"excerpt":{"rendered":"<p>Bettina Bayer HERZLICH WILLKOMMEN! Frau Bayer ist eine Fachkraft der St. Gregor-Jugendhilfe. Mehr Informationen zu Jugendsozialarbeit an Schulen nach den Standards der St. Gregor-Jugendhilfe finden sie unter http:\/\/www.jugendsozialarbeit.st-gregor.de. wenn Sie sich wegen des Verhaltens Ihres Kindes Sorgen machen &#8230; wenn<\/p>\n","protected":false},"author":1,"featured_media":0,"parent":8,"menu_order":3,"comment_status":"closed","ping_status":"closed","template":"","meta":{"footnotes":""},"class_list":["post-169","page","type-page","status-publish","hentry"],"jetpack_sharing_enabled":true,"_links":{"self":[{"href":"http:\/\/msbob.de\/index.php?rest_route=\/wp\/v2\/pages\/169","targetHints":{"allow":["GET"]}}],"collection":[{"href":"http:\/\/msbob.de\/index.php?rest_route=\/wp\/v2\/pages"}],"about":[{"href":"http:\/\/msbob.de\/index.php?rest_route=\/wp\/v2\/types\/page"}],"author":[{"embeddable":true,"href":"http:\/\/msbob.de\/index.php?rest_route=\/wp\/v2\/users\/1"}],"replies":[{"embeddable":true,"href":"http:\/\/msbob.de\/index.php?rest_route=%2Fwp%2Fv2%2Fcomments&post=169"}],"version-history":[{"count":9,"href":"http:\/\/msbob.de\/index.php?rest_route=\/wp\/v2\/pages\/169\/revisions"}],"predecessor-version":[{"id":1119,"href":"http:\/\/msbob.de\/index.php?rest_route=\/wp\/v2\/pages\/169\/revisions\/1119"}],"up":[{"embeddable":true,"href":"http:\/\/msbob.de\/index.php?rest_route=\/wp\/v2\/pages\/8"}],"wp:attachment":[{"href":"http:\/\/msbob.de\/index.php?rest_route=%2Fwp%2Fv2%2Fmedia&parent=169"}],"curies":[{"name":"wp","href":"https:\/\/api.w.org\/{rel}","templated":true}]}}