{"id":1022,"date":"2021-12-16T14:16:48","date_gmt":"2021-12-16T14:16:48","guid":{"rendered":"http:\/\/msbob.de\/?page_id=1022"},"modified":"2024-01-16T20:36:21","modified_gmt":"2024-01-16T20:36:21","slug":"berufswahlcurriculum","status":"publish","type":"page","link":"http:\/\/msbob.de\/?page_id=1022","title":{"rendered":"JiBes-Projekt"},"content":{"rendered":"\n<p>Du m\u00f6chtest dich freiwillig ehrenamtlich engagieren und gleichzeitig ein wenig in andere Berufe reinschnuppern? Bei dem Projekt &#8222;Jugend in Bobingen engagiert sich&#8220;, kurz &#8222;JiBes&#8220;, wirst du sicher f\u00fcndig!<\/p>\n\n\n\n<p><strong><a href=\"http:\/\/www.freiwilligenagentur-bobingen.de\/seite\/408017\/jibes.html\" target=\"_blank\" rel=\"noreferrer noopener\">http:\/\/www.freiwilligenagentur-bobingen.de\/seite\/408017\/jibes.html<\/a><\/strong><\/p>\n\n\n\n<p>&nbsp;<strong>Pressemitteilung&nbsp;<\/strong><\/p>\n\n\n\n<p>Bobingen, den 24.11.2023&nbsp;<\/p>\n\n\n\n<p><strong>Sozialprojekt \u201eJiBes\u201c startet in die n\u00e4chste Runde&nbsp;<\/strong><\/p>\n\n\n\n<p><strong>Bobingen, 23.11.2023 (pm). <\/strong><strong>\u201eJiBes\u201c steht f\u00fcr \u201eJugend in Bobingen engagiert sich\u201c &#8211; ein Projekt, das 2017 von der Freiwilligen-Agentur und Nachbarschaftshilfe Bobingen initiiert wurde. Mit einer Auftaktveranstaltung am 23.11.2023 startet das erfolgreiche Sozialprojekt in Kooperation mit der Dr.-Jaufmann-Mittelschule in die n\u00e4chste Runde.&nbsp;<\/strong><\/p>\n\n\n\n<p>Sechs Sch\u00fclerinnen der 8. und 9. Klasse der Dr.-Jaufmann-Mittelschule haben sich freiwillig f\u00fcr eine Teilnahme an \u201eJiBes\u201c entschieden. Sie engagieren sich in den kommenden vier Monaten in unterschiedlichen sozialen Bereichen. Zu ihren Einsatzstellen z\u00e4hlen der Bobinger Tisch, die Johanniter Tagespflege, die st\u00e4dtische Mittagsbetreuung sowie verschiedene Bobinger Kinderbetreuungseinrichtungen. Insgesamt leisten sie in ihrer Freizeit 40 Arbeitsstunden. Nach erfolgreichem Abschluss erhalten sie ein Zertifikat, das ihnen ihren besonderen Einsatz bescheinigt und einer sp\u00e4teren Bewerbung beigelegt werden kann. Sabine Frenkenberger, Initiatorin und Leiterin der Freiwilligenagentur und Nachbarschaftshilfe Bobingen, er\u00f6ffnete die Auftaktveranstaltung und betont: \u201eIch freue mich, das sich wieder junge Menschen gefunden haben, die dieses Projekt als echte Chance begreifen, \u00fcber ein Ehrenamt neue und positive Erfahrungen fernab der Schulbank zu machen. Sich freiwillig zu engagieren kann und muss vor allem Spa\u00df machen.\u201c Betreut werden die Teilnehmerinnen von erfahrenen Mentoren, die ihnen w\u00e4hrend des ganzen Projekts als Ansprechpartner mit Rat und Tat zur Verf\u00fcgung stehen. Auch ein Besuch in der Wirkungsst\u00e4tte ihrer Sch\u00fctzlinge ist dabei vorgesehen. Bobingens B\u00fcrgermeister Klaus F\u00f6rster lobte in seiner Rede das Engagement und bedankte sich im Namen der Stadt bei allen Beteiligten: \u201eEhrenamtliches Engagement ist ein unverzichtbarer Bestandteil unserer Gesellschaft, ohne das vieles nicht m\u00f6glich w\u00e4re. Ich hoffe, das Projekt tr\u00e4gt dazu bei, dass sich der ein oder andere von Ihnen f\u00fcr eine Ausbildung im sozialen Bereich entscheidet, denn gerade dort ist der Mangel an qualifizierten Fachkr\u00e4ften und die Nachfrage nach motivierten Nachwuchskr\u00e4ften besonders gro\u00df.\u201c&nbsp;<\/p>\n\n\n\n<p><\/p>\n\n\n\n<figure class=\"wp-block-image\"><img loading=\"lazy\" decoding=\"async\" width=\"2560\" height=\"1441\" src=\"http:\/\/msbob.de\/wp-content\/uploads\/2024\/01\/20231123_JiBes_02-\u00a9-Eva-Maria-Guerpinar-scaled.jpg\" alt=\"\" class=\"wp-image-1421\" srcset=\"http:\/\/msbob.de\/wp-content\/uploads\/2024\/01\/20231123_JiBes_02-\u00a9-Eva-Maria-Guerpinar-scaled.jpg 2560w, http:\/\/msbob.de\/wp-content\/uploads\/2024\/01\/20231123_JiBes_02-\u00a9-Eva-Maria-Guerpinar-300x169.jpg 300w, http:\/\/msbob.de\/wp-content\/uploads\/2024\/01\/20231123_JiBes_02-\u00a9-Eva-Maria-Guerpinar-1024x577.jpg 1024w, http:\/\/msbob.de\/wp-content\/uploads\/2024\/01\/20231123_JiBes_02-\u00a9-Eva-Maria-Guerpinar-768x432.jpg 768w, http:\/\/msbob.de\/wp-content\/uploads\/2024\/01\/20231123_JiBes_02-\u00a9-Eva-Maria-Guerpinar-1536x865.jpg 1536w, http:\/\/msbob.de\/wp-content\/uploads\/2024\/01\/20231123_JiBes_02-\u00a9-Eva-Maria-Guerpinar-2048x1153.jpg 2048w\" sizes=\"auto, (max-width: 2560px) 100vw, 2560px\" \/><figcaption class=\"wp-element-caption\">20231123_JiBes_02-\u00a9-Eva-Maria-Guerpina<\/figcaption><\/figure>\n\n\n\n<p><strong>Bildunterschrift (v.l.n.r.): <\/strong>Folgten der Einladung Sabine Frenkenbergers von der Freiwilligenagentur\/Nachbarschaftshilfe Bobingen zur Auftaktveranstaltung \u201eJugend in Bobingen engagiert sich\u201c: B\u00fcrgermeister Klaus F\u00f6rster, die Sch\u00fclerinnen Francesca Matrone, Simaf Akid, Legna Reyes Lam, Farah Sleimann, Mentorin Hildegund Brommer-Wagner, Mentor Rudolf B\u00f6hm sowie Konrektorin der Dr.-Jaufmann-Mittelschule Judith Harsch-Lechner<strong>. <\/strong>Auf dem Bild fehlen: Maria Lakka und Nermin Sleiman&nbsp;<\/p>\n\n\n\n<p><strong>Bildrechte \/ Text: <\/strong>Eva-Maria G\u00fcrpinar\u00a0<\/p>\n","protected":false},"excerpt":{"rendered":"<p>Du m\u00f6chtest dich freiwillig ehrenamtlich engagieren und gleichzeitig ein wenig in andere Berufe reinschnuppern? Bei dem Projekt &#8222;Jugend in Bobingen engagiert sich&#8220;, kurz &#8222;JiBes&#8220;, wirst du sicher f\u00fcndig! http:\/\/www.freiwilligenagentur-bobingen.de\/seite\/408017\/jibes.html &nbsp;Pressemitteilung&nbsp; Bobingen, den 24.11.2023&nbsp; Sozialprojekt \u201eJiBes\u201c startet in die n\u00e4chste Runde&nbsp;<\/p>\n","protected":false},"author":1,"featured_media":0,"parent":1017,"menu_order":1,"comment_status":"closed","ping_status":"closed","template":"","meta":{"footnotes":""},"class_list":["post-1022","page","type-page","status-publish","hentry"],"jetpack_sharing_enabled":true,"_links":{"self":[{"href":"http:\/\/msbob.de\/index.php?rest_route=\/wp\/v2\/pages\/1022","targetHints":{"allow":["GET"]}}],"collection":[{"href":"http:\/\/msbob.de\/index.php?rest_route=\/wp\/v2\/pages"}],"about":[{"href":"http:\/\/msbob.de\/index.php?rest_route=\/wp\/v2\/types\/page"}],"author":[{"embeddable":true,"href":"http:\/\/msbob.de\/index.php?rest_route=\/wp\/v2\/users\/1"}],"replies":[{"embeddable":true,"href":"http:\/\/msbob.de\/index.php?rest_route=%2Fwp%2Fv2%2Fcomments&post=1022"}],"version-history":[{"count":6,"href":"http:\/\/msbob.de\/index.php?rest_route=\/wp\/v2\/pages\/1022\/revisions"}],"predecessor-version":[{"id":1422,"href":"http:\/\/msbob.de\/index.php?rest_route=\/wp\/v2\/pages\/1022\/revisions\/1422"}],"up":[{"embeddable":true,"href":"http:\/\/msbob.de\/index.php?rest_route=\/wp\/v2\/pages\/1017"}],"wp:attachment":[{"href":"http:\/\/msbob.de\/index.php?rest_route=%2Fwp%2Fv2%2Fmedia&parent=1022"}],"curies":[{"name":"wp","href":"https:\/\/api.w.org\/{rel}","templated":true}]}}